{"id":1625,"date":"2025-07-02T18:59:34","date_gmt":"2025-07-02T16:59:34","guid":{"rendered":"https:\/\/lausaff.org\/?post_type=evenements&#038;p=1625"},"modified":"2025-07-18T10:31:17","modified_gmt":"2025-07-18T08:31:17","slug":"peters-mdd-vendredi","status":"publish","type":"evenements","link":"https:\/\/lausaff.org\/de\/evenements\/peters-mdd-vendredi\/","title":{"rendered":"Peters MDD"},"content":{"rendered":"<p>Peters MDD ist ein vielseitiger K\u00fcnstler, der die B\u00fchne mit Legenden wie Mory Kant\u00e9 und Gnonas Pedros geteilt hat. Er liefert eine energiegeladene One-Man-Show mit einem umfangreichen Repertoire, das von Afro-World \u00fcber Salsa und Reggae bis hin zu franz\u00f6sischem Chanson reicht.<\/p>","protected":false},"featured_media":1876,"template":"","edition":[50],"scene":[46],"class_list":["post-1625","evenements","type-evenements","status-publish","has-post-thumbnail","hentry","edition-50","scene-stage-peters"],"_links":{"self":[{"href":"https:\/\/lausaff.org\/de\/wp-json\/wp\/v2\/evenements\/1625","targetHints":{"allow":["GET"]}}],"collection":[{"href":"https:\/\/lausaff.org\/de\/wp-json\/wp\/v2\/evenements"}],"about":[{"href":"https:\/\/lausaff.org\/de\/wp-json\/wp\/v2\/types\/evenements"}],"wp:featuredmedia":[{"embeddable":true,"href":"https:\/\/lausaff.org\/de\/wp-json\/wp\/v2\/media\/1876"}],"wp:attachment":[{"href":"https:\/\/lausaff.org\/de\/wp-json\/wp\/v2\/media?parent=1625"}],"wp:term":[{"taxonomy":"edition","embeddable":true,"href":"https:\/\/lausaff.org\/de\/wp-json\/wp\/v2\/edition?post=1625"},{"taxonomy":"scene","embeddable":true,"href":"https:\/\/lausaff.org\/de\/wp-json\/wp\/v2\/scene?post=1625"}],"curies":[{"name":"wp","href":"https:\/\/api.w.org\/{rel}","templated":true}]}}

<p>Peters MDD ist ein vielseitiger Künstler, der die Bühne mit Legenden wie Mory Kanté und Gnonas Pedros geteilt hat. Er liefert eine energiegeladene One-Man-Show mit einem umfangreichen Repertoire, das von Afro-World über Salsa und Reggae bis hin zu französischem Chanson reicht.</p>
