{"id":1629,"date":"2025-06-24T18:18:07","date_gmt":"2025-06-24T16:18:07","guid":{"rendered":"https:\/\/lausaff.org\/?post_type=evenements&#038;p=1629"},"modified":"2025-07-11T05:32:38","modified_gmt":"2025-07-11T03:32:38","slug":"sol-family-afro","status":"publish","type":"evenements","link":"https:\/\/lausaff.org\/de\/evenements\/sol-family-afro\/","title":{"rendered":"SOL FAMILY AFRO"},"content":{"rendered":"<p>Sol Family Afro wurde 2017 vom senegalesischen Musiker und Kora-Virtuosen Abdou Bayefall gegr\u00fcndet und ist ein Weltmusikkollektiv, das in afrikanischen Rhythmen und gef\u00fchlvollen Kl\u00e4ngen aus Kuba, Lateinamerika und Reggae verwurzelt ist.<\/p>","protected":false},"featured_media":1882,"template":"","edition":[50],"scene":[27],"class_list":["post-1629","evenements","type-evenements","status-publish","has-post-thumbnail","hentry","edition-50","scene-scene-mandela"],"_links":{"self":[{"href":"https:\/\/lausaff.org\/de\/wp-json\/wp\/v2\/evenements\/1629","targetHints":{"allow":["GET"]}}],"collection":[{"href":"https:\/\/lausaff.org\/de\/wp-json\/wp\/v2\/evenements"}],"about":[{"href":"https:\/\/lausaff.org\/de\/wp-json\/wp\/v2\/types\/evenements"}],"wp:featuredmedia":[{"embeddable":true,"href":"https:\/\/lausaff.org\/de\/wp-json\/wp\/v2\/media\/1882"}],"wp:attachment":[{"href":"https:\/\/lausaff.org\/de\/wp-json\/wp\/v2\/media?parent=1629"}],"wp:term":[{"taxonomy":"edition","embeddable":true,"href":"https:\/\/lausaff.org\/de\/wp-json\/wp\/v2\/edition?post=1629"},{"taxonomy":"scene","embeddable":true,"href":"https:\/\/lausaff.org\/de\/wp-json\/wp\/v2\/scene?post=1629"}],"curies":[{"name":"wp","href":"https:\/\/api.w.org\/{rel}","templated":true}]}}

<p>Sol Family Afro wurde 2017 vom senegalesischen Musiker und Kora-Virtuosen Abdou Bayefall gegründet und ist ein Weltmusikkollektiv, das in afrikanischen Rhythmen und gefühlvollen Klängen aus Kuba, Lateinamerika und Reggae verwurzelt ist.</p>
